 z = 2 - a. Calculate the remainder when 15 is divided by z.
6
Suppose 0*z = 3*z + t - 26, 2*z - 22 = 4*t. Suppose -b - 64 = 7*b. Let a = 7 - b. Calculate the remainder when a is divided by z.
6
Calculate the remainder when 61 is divided by (-7371)/(-252) + (-7)/(-4).
30
Let n(y) = y**2 - 11*y + 12. Let m be n(10). What is the remainder when 1*(79 + 0/(-2)) is divided by ((-1)/m)/((-22)/880)?
19
Suppose -50*p + 1400 = -45*p. Calculate the remainder when p is divided by 93.
1
Let a(m) = m - 1. Let q(j) = -j + 1. Let z(b) = 2*a(b) + 5*q(b). Suppose 4*s = s + 42. What is the remainder when z(-8) is divided by s?
13
Suppose i - 5 = -2*v, -5*v = i - 0*i - 14. Suppose 3*d + 5 = 3*n - 16, -5*n = -v*d - 29. Calculate the remainder when 9 is divided by n.
1
Let i be 2/10 + (-234)/45. Let g(b) = -b**3 - 4*b**2 + 5*b + 3. Let w be g(i). Let j = w - -4. Calculate the remainder when 11 is divided by j.
4
Let w be (-2)/4 + 143/2. Suppose -3*g - 4*z + 24 = 2*g, 4*z = 4. Suppose 5 = g*t - w. What is the remainder when 75 is divided by t?
18
Suppose -3*c - 4 = 4*d, 2*c = 4*c + 8. Suppose 15 + 7 = d*b. Suppose y = -2*s + 43, 0*s - 86 = -2*y - s. Calculate the remainder when y is divided by b.
10
Let k(z) = z - 2. Let m be k(6). Calculate the remainder when 69 is divided by 27 + (m - 6) - 1.
21
Let q = 46 + -5. Let j = q - -84. Suppose -5*f + j = -5*a, 0 = 3*a + a - 4. Calculate the remainder when 51 is divided by f.
25
Let a = -12 + 6. Let x be 730/15*(-9)/a. Suppose -4*o + v + 382 = 0, 2*v - x = 3*o - 362. What is the remainder when o is divided by 24?
23
Suppose 3*p - 34 = -10. What is the remainder when p is divided by 2?
0
Let v(d) = -d**3 - 10*d**2 - 10*d - 10. Let c be v(-9). Let g be c - -2*(-92)/8. Let a = 101 + g. What is the remainder when a is divided by 20?
17
Let c = 859 - 847. Calculate the remainder when 115 is divided by c.
7
Let q = -464 - -487. What is the remainder when 433 is divided by q?
19
Suppose -u + 2*j + 6 = u, 0 = -4*j. Suppose -3*d - 13 = -g - 0*d, -101 = -5*g + u*d. What is the remainder when 61 is divided by g?
17
Suppose j - 10 = 15. Let z = -930 - -945. What is the remainder when j is divided by z?
10
Let a(z) = 5*z + 20. What is the remainder when 76 is divided by a(-2)?
6
Suppose b + 136 - 156 = 0. Calculate the remainder when b is divided by 3.
2
Let h(n) = 7*n + n**2 - 2*n + 6 + 2*n. Let f be h(-4). What is the remainder when (3/f - 3)*-26 is divided by 23?
22
Let t = 636 - 623. What is the remainder when 44 is divided by t?
5
Suppose 3*o = 12, 2*o + 15 = 3*b - 25. Let r be 76/18 - 10/45. Suppose 82 = r*a - 3*i - 35, 29 = a - i. Calculate the remainder when a is divided by b.
14
Calculate the remainder when (-6 + -1 - 131)*-1 is divided by 14.
12
Let f(c) = -2*c**2 - 1831*c + 1831*c + 146*c**3 + 0 + 2. Let q = -48 + 85. What is the remainder when f(1) is divided by q?
35
Let l(z) = z**2 - 17*z + 3. Let s be l(7). Let w = s - -81. Calculate the remainder when 55 is divided by w.
13
Let m = -50 + 30. Suppose 0*w = -w + 19. What is the remainder when w is divided by 2 + -6*m/15?
9
Let p(l) = 12*l - 128. What is the remainder when 49 is divided by p(11)?
1
Suppose 0 = 5*n + 4*l - 6*l - 320, n = -5*l + 37. Suppose 0 = 5*i + 5*p - 75, 5*p + 158 = 4*i + n. What is the remainder when i is divided by 5?
4
Suppose 0*i + 4*i = -2*t + 132, 32 = i + t. Calculate the remainder when i is divided by 22.
12
Let x = -4 + 14. Let l be (-60)/(-105) + 17/7. Suppose -2*a + 47 = -p - 30, -l*a - 4*p + 110 = 0. What is the remainder when a is divided by x?
8
Suppose -23*f - c = -21*f - 228, -2*c + 340 = 3*f. Calculate the remainder when 1969 is divided by f.
113
Let a = -122 - -140. What is the remainder when a is divided by (-2)/3*(-84)/8?
4
Let t(u) = u**3 + 8*u**2 - 10*u + 2. Let h be t(-9). Suppose -43*z + 42*z = -h. Calculate the remainder when 32 is divided by z.
10
Let k = -7 - -3. Let j(v) = -26*v**2 + 22*v - 9. Let m(f) = 5*f**2 - 3*f + 2. Let y(l) = 2*j(l) + 11*m(l). What is the remainder when 47 is divided by y(k)?
7
Suppose -449 = -30*g + 1. Let m(x) = x**2 + x - 1. Let s be m(-3). Suppose 0 = -z + 1, 5*h - s*z - 19 - 6 = 0. Calculate the remainder when g is divided by h.
3
Let b(o) = o**3 - 9*o**2 + 11*o - 2. Let l be b(8). Suppose 0 = 2*t - 4*n - 28, n = -2*t + 2*n + l. Calculate the remainder when 28 is divided by t.
8
Calculate the remainder when 789 is divided by -77 - -76 - (-11)/1.
9
Suppose 5*z = 3*c + 4, -z = c - 0*c - 4. Suppose -3*a + c*l = -65, 2*a + l + 90 = 6*a. What is the remainder when a is divided by 10 - -1*(1 - -2)?
10
Suppose 151 = -3*w + 529. Suppose -m + w = 5*m. Let n(u) = -3*u**3 + u**2 + 3*u + 2. Calculate the remainder when n(-3) is divided by m.
20
Suppose g - 4 = 50. Let x(p) = -2*p + 3. Let u be x(-6). Calculate the remainder when g is divided by 38/((-6)/u*-5).
16
Let u = 503 - 499. What is the remainder when 322 is divided by u?
2
Suppose 2 = -a, p - 27 = -0*p - a. Calculate the remainder when p is divided by 25.
4
Let b = 123 - 31. Let q = 153 - b. Calculate the remainder when q is divided by 13.
9
Calculate the remainder when 141 is divided by -9 + 4 + 42 + 2.
24
Let z(t) be the first derivative of -t**2 - 9*t - 1. Suppose 0 = 8*b + 29 + 27. Calculate the remainder when 11 is divided by z(b).
1
Suppose 3*t - 2*t + 3*g - 28 = 0, -5*g + 60 = 2*t. Calculate the remainder when 152 is divided by t.
32
Let x(o) = 24*o - 15. Let c(z) = -8*z + 5. Let s(m) = 17*c(m) + 6*x(m). Calculate the remainder when s(8) is divided by 15.
14
Let n be (6/4)/(2/144). Let j = -46 + n. Suppose 16*f - m - 48 = 13*f, -5*f = m - 80. What is the remainder when j is divided by f?
14
Let r be (-1)/((-2)/(0 + 4)). Suppose -46 = -r*t - 8. What is the remainder when 37 is divided by t?
18
Suppose c + 5 = 2*c. Suppose 0 = -5*n + 2*h + 58, -4*h = c*n - 5*h - 54. Calculate the remainder when 49 is divided by n.
9
Suppose -2*u + 5*v + 83 = 0, 4*u + v - 127 = -2*v. Calculate the remainder when 97 is divided by u.
29
Suppose 52*w - 13326 = -1158. Calculate the remainder when w is divided by 9.
0
Suppose -o + 1 = -2*g - 3, 35 = 2*o + 5*g. Calculate the remainder when 15 is divided by o.
5
Suppose i + 53 = 2*w, 5*w - 152 = -15*i + 11*i. Calculate the remainder when 72 is divided by w.
16
Let y = -275 + 151. Let d be (0 - -3) + y/(-4). Let z = d + -4. What is the remainder when z is divided by 11?
8
Suppose -78 + 23 = -w + b, 2*w = -2*b + 110. What is the remainder when 4/10 + 528/w is divided by 3?
1
Suppose -4*o - z = o - 520, -2*z + 104 = o. Let a(w) = w**3 + 12*w**2 - 3*w - 15. Calculate the remainder when o is divided by a(-12).
20
Let i = 1415 - 1170. Calculate the remainder when i is divided by 51.
41
Suppose 4*t = -4*i + 228, i - 45 - 32 = 3*t. Let w = i + -27. Calculate the remainder when w is divided by 6.
5
Let h(p) = -p**3 + 6*p**2 + 6*p + 10. Let l be h(7). Let a = 24 + l. Calculate the remainder when 53 is divided by a.
26
Let w(l) = -l + 13. Let g = 15 + -11. Let v be w(g). Let o(k) = k + 2. What is the remainder when 19 is divided by o(v)?
8
Suppose -97 = -m - 3*a, 79 = -2*m - 5*a + 274. What is the remainder when m is divided by 27?
19
Let g(s) = 3*s**2 + 25*s + 146. What is the remainder when 201 is divided by g(-6)?
97
Let r(f) = -f**3 - 9*f**2 - 7*f + 11. Let j be r(-8). Suppose -n = 3*n + 4, -z + 9 = j*n. Calculate the remainder when z is divided by 3.
0
Suppose -3*l - 129 = -p + 1097, -3*l = 5*p - 6148. What is the remainder when p is divided by 77?
74
Let k(x) = -x**2 + 37. Let a be k(0). Let g = -31 + a. Let c(p) = -p**2 - 5*p - 3. Calculate the remainder when g is divided by c(-3).
0
Let m = 45 + -26. Calculate the remainder when m is divided by 3 - (-3)/((-3)/(-8)).
8
Suppose m = 2 + 2. Suppose -y - m*j + 43 = 2*y, -y + 4*j + 25 = 0. Suppose -2*a - 100 = -4*a. Calculate the remainder when a is divided by y.
16
Suppose 2*t + 4*u = -48, -3*t + 4*u + 2 - 104 = 0. Suppose -39 = 2*g - 5*g. Calculate the remainder when (t/(-20))/((-3)/(-50)) is divided by g.
12
Suppose g = 9 + 11. What is the remainder when 36 is divided by g?
16
Calculate the remainder when 42 is divided by 0 + -30*((-96)/(-18) + -6).
2
Suppose 519 = 3*v - 3*c, v = -2*c + 7*c + 193. What is the remainder when v is divided by 19?
16
Let q be 4*1 + (-12)/(